n c is divided by k.
6
Calculate the remainder when (14 - 495/30)*(-142)/5 is divided by ((-2)/(-5))/(1/15).
5
Let o(a) = -a**3 - 17*a**2 + 19*a + 26. Let z be o(-18). Suppose -198 = -z*m - 54. What is the remainder when m is divided by 11?
7
Let b(d) be the first derivative of -d**4/4 - 2*d**3/3 - 5*d**2/2 + 7*d - 4. What is the remainder when b(-5) is divided by 22?
19
Let c(z) = -z**3 + 2*z**2 + 5*z - 2. Let g be c(3). Let y be (1 - 2/g)*4. Suppose 0*k + 54 = y*k. Calculate the remainder when 52 is divided by k.
25
Let d = -2142 + 2179. Calculate the remainder when d is divided by 6.
1
Suppose -2*f + 5 = -9. Let y = 5 + f. What is the remainder when 58 is divided by y?
10
Suppose 0 = -6*v + 11*v - 90. Let w(k) = -k**3 - 4*k**2 + 4*k - 6. Let r be w(-6). Let t = 111 - r. Calculate the remainder when t is divided by v.
15
Calculate the remainder when 11308/220 - -2*3/(-15) is divided by (-4)/10 - 132/(-5).
25
Suppose 31*l - 313 - 617 = 0. Calculate the remainder when 119 is divided by l.
29
Suppose 2*j + j = 42. Suppose 28 = 3*n + 10. Suppose -3*d - 5*p + 14 = 0, 0 = 5*d + n*p - 3*p - 34. Calculate the remainder when j is divided by d.
6
Let c = 765 + -695. Calculate the remainder when c is divided by 48.
22
Suppose 6 = 2*u + 2*o, 0*o - o = -3*u + 5. Suppose 3*y - 9 = -4*j, 7*y - 8 = 5*y - u*j. What is the remainder when 25 is divided by y?
4
Suppose a = -3*d + 9, -5*a + 105 - 6 = -3*d. What is the remainder when a is divided by 4?
2
Suppose 5*h - 31 - 9 = 0. Suppose 12*k = 2750 - 410. Suppose 0 = -39*z + 26*z + k. Calculate the remainder when z is divided by h.
7
Suppose v - 31 = -0*v. Let d be 1*2*(51/(-6) - -5). Let a(w) = -w**3 - 6*w**2 + 6*w + 1. Calculate the remainder when v is divided by a(d).
7
Let w(c) = 12*c + 191. What is the remainder when w(-7) is divided by 39?
29
Let x = 5 - -10. Let q be (-8)/(-20) - (-444)/x. Let z = 48 - q. What is the remainder when z is divided by 4?
2
Let v(g) = g**3 + 13*g**2 + 23*g + 14. What is the remainder when 58 is divided by v(-11)?
1
Suppose -2*z = 3*k + 13, -2*k = -4*k + z - 18. Suppose -3*o + 46 + 5 = 0. Let f = o + k. Calculate the remainder when 39 is divided by f.
9
Let u(q) = q**2 + 3*q - 2. Let k be u(-4). Suppose -k*d = -0*d - 12. What is the remainder when 23 is divided by d?
5
Let w = -23 + -49. Let z = w + 109. Suppose -44*c + 46*c = 26. Calculate the remainder when z is divided by c.
11
Let n = 370 + -150. Suppose -10*m + n = m. Calculate the remainder when 53 is divided by m.
13
Suppose 111*l - 30 = -2*t + 109*l, 5*t + 2*l - 78 = 0. Calculate the remainder when 687 is divided by t.
15
Suppose 0 = -5*z + z + 200. Suppose -14 + 23 = 3*a. Calculate the remainder when z is divided by (-13)/((4 - 8) + a).
11
Suppose -7*v + 12 = -3*v. Suppose 2*i - 7*i + y = -68, -v*y = 9. Suppose -4*g = -17 - 11. What is the remainder when i is divided by g?
6
Let x = 37 - 41. Let f be (-1)/(4/x) + 190. Suppose -3*y = -4*p - f, 5*y = -2*p + 35 + 318. Calculate the remainder when y is divided by 24.
21
Let z(v) = 3*v**2 - 32*v - 158. Calculate the remainder when z(-6) is divided by (-2)/(-8) - (-230)/8.
26
Suppose 10*v = 7*v + 105. Suppose 0 = 2*d - 71 + v. What is the remainder when 52 is divided by d?
16
Suppose 0 = -15*a + 30*a - 10050. What is the remainder when a is divided by 14?
12
Suppose -9 = 3*d, 2*d + 65 = 2*n + 15. Let r = 41238 - 41151. Calculate the remainder when r is divided by n.
21
Let t = -26 - -14. Let i = -10 - t. Calculate the remainder when 25 is divided by 352/24 - i/3.
11
Let j be (-17 + 10)*4/(-7). What is the remainder when -2 - (-164)/j - -2 is divided by 14?
13
Suppose f + 2*f = 1038. Suppose 4*g = q + f, -2*q + 43 + 211 = 3*g. What is the remainder when g is divided by 23?
17
Suppose -16*k = 11*k - 6048. Calculate the remainder when k is divided by 57.
53
Let w = -10 - -17. Calculate the remainder when (-258)/(-10) + w/35 is divided by 7.
5
Let z(g) = 2*g + 25. Let k = 9 - 0. Let s = k - -9. Calculate the remainder when s is divided by z(-9).
4
Let k be -3 + (0 - (-88)/4). Let g = k - 17. Suppose g*l + 0*l - 56 = 0. Calculate the remainder when l is divided by 15.
13
Let y = 74 - 36. What is the remainder when y is divided by 3?
2
Suppose -5*b + 16 = -4. Calculate the remainder when 17 is divided by -8 + 10 + b/2.
1
Let k(t) = -t**3 + 4*t**2 + t + 4. Let l be k(4). Suppose 5*r - 56 = -m, -19*r - 2*m = -14*r - 57. What is the remainder when (6/l)/(3/84) is divided by r?
10
What is the remainder when 133 is divided by 42/49 - (-1771)/49?
22
Let a = -80 + 76. Calculate the remainder when 19 is divided by -3 + 1 - (a - -3)*13.
8
Let k = 2391 + -667. Calculate the remainder when k is divided by 69.
68
Suppose 3*h + 15 = 0, -6*h + 100 = 5*g - 3*h. Let c(t) = t**2 + t + 2. What is the remainder when g is divided by c(-3)?
7
Let r = 24 - 21. Suppose -4*d + 78 = -d + 5*z, r*d - 81 = -4*z. What is the remainder when 58 is divided by d?
27
Let a(o) = -2*o**2 + o + 4*o**3 - 2*o**3 - o**3. What is the remainder when 69 is divided by a(3)?
9
Let d = 10 - 10. Suppose d = 5*z - 4*z - 33. What is the remainder when z is divided by 6/9 - 49/(-3)?
16
Let u(o) = 49*o - 470. What is the remainder when 577 is divided by u(10)?
17
Let p(a) = 7*a - 2 + 0 - 9*a - 2*a + a**2. Let z be p(5). Suppose z*q - 98 = 4*m, -5 = -2*m + 3*m. What is the remainder when 51 is divided by q?
25
Suppose -q + 2 = -0*q, 3*c + 5*q + 32 = 0. Calculate the remainder when 21 is divided by -3 + -1*(3 + c).
5
Suppose 374 = 61*h - 39*h. Calculate the remainder when 133 is divided by h.
14
Let k be 24/(3 - -1) + -1. Suppose -1 = -h - k*w - 24, 2*w = 2*h - 2. What is the remainder when 14/(-21) + (-47)/h is divided by 5?
0
Suppose -3*h = 3*h - 444. Suppose -5*m = 3*z - 37, 3*m - 1 = 5*z - h. Calculate the remainder when 52 is divided by z.
10
Let y = -10856 - -10878. Suppose -p + 6 = -2. What is the remainder when y is divided by p?
6
Let i be ((-60)/(-8))/(12/40). Suppose -3*w = -2*w - i. Calculate the remainder when w is divided by 4.
1
Let r(z) = 681*z + 6. Suppose c - 5 + 0 = -2*m, -3*m = c - 2. What is the remainder when c is divided by r(0)?
5
Let a(u) = -2*u + 6. Let j be a(11). Let o = 12 + j. Calculate the remainder when 536/16 + (-2)/o is divided by 9.
7
Suppose 0 = 9*i - 5*i - 20. Suppose 2*d + 0*d = 66. What is the remainder when d is divided by i?
3
Let u(g) = -8*g**2 + 15*g**2 + 9 - 8*g + 0*g + g**3. Suppose 0 = -s - 0*s + 25. Calculate the remainder when s is divided by u(-8).
7
Suppose 396*o + 576 = 412*o. Let b = -20 - -33. What is the remainder when o is divided by b?
10
Let f(o) = o**3 + 5*o**2 - 8*o - 3. Let g(l) = l**2 + 14*l + 40. Let h be g(-5). Calculate the remainder when f(h) is divided by 13.
11
Suppose -1301 = -4*r - b, -5*r = -3*r + b - 653. Suppose -4*x = 2*x - r. Calculate the remainder when 209 is divided by x.
47
Let l = -171 - -381. What is the remainder when l is divided by 62?
24
Suppose 12 + 252 = 11*x. Calculate the remainder when 286 is divided by x.
22
Suppose -4*d + 3*s + 187 = 0, 2*d - 110 = -44*s + 40*s. What is the remainder when 199 is divided by d?
3
Let k be -1*4 + (5 - 1). Suppose k = 4*w + 2*z - z - 71, 5 = w - 4*z. What is the remainder when 64 is divided by w?
13
What is the remainder when (-61 - -80)*7*1 is divided by 117?
16
Let x(s) = 111*s + 580. Calculate the remainder when 93 is divided by x(-5).
18
Let p(k) = 10*k - 3. Let j(w) = 5*w - 23. Let o be 22 + (-7 - -3)*1. Calculate the remainder when j(o) is divided by p(2).
16
Let m be 2/(-8) + 850/40. Suppose 4*g = 5*q - m, -g - 3*g - 16 = 0. What is the remainder when 7 is divided by q?
0
Let c(f) = 3*f**2 - 19*f - 11. What is the remainder when 375 is divided by c(8)?
27
Let c(s) = 2*s + 6. Let x be c(-8). Let u(n) = n**3 + 11*n**2 + 8*n - 8. What is the remainder when 33 is divided by u(x)?
9
Let u(t) = -10*t - 19. Let x(g) = 3*g + 6. Let o(c) = 2*u(c) + 7*x(c). Let r = 69 + -30. Calculate the remainder when r is divided by o(6).
9
Suppose 13*p + 166 = 3598. What is the remainder when p is divided by 45?
39
Let y = -3 + 1. Calculate the remainder when 66 is divided by ((-6)/(-4))/((-1)/y) + 14.
15
Suppose 0 = -i + 2*p - 8, -i + 3*p = 18 - 7. What is the remainder when -1 - (3 + 86/i) is divided by 10?
9
Let q = 50 - 